{"id":2,"date":"2015-08-29T15:19:14","date_gmt":"2015-08-29T13:19:14","guid":{"rendered":"https:\/\/birkis.at\/?page_id=2"},"modified":"2025-11-16T11:26:38","modified_gmt":"2025-11-16T09:26:38","slug":"beispiel-seite","status":"publish","type":"page","link":"https:\/\/birkis.at\/","title":{"rendered":"Startseite"},"content":{"rendered":"\n<div style=\"height:40px\" aria-hidden=\"true\" class=\"wp-block-spacer\"><\/div>\n\n\n\n<h2 class=\"wp-block-heading\">Die Birkis in neuer Besetzung<\/h2>\n\n\n\n<p><strong>Die Birkis gibt\u2019s jetzt in frischer Aufstellung<\/strong> &#8211; Walter mit Bariton, Gitarre und Gesang, Rudi mit Harmonika und Gesang, und Markus am Bass, ebenfalls gesangsstark. Gemeinsam bringen wir ein unplugged-Programm auf die B\u00fchne, das von urig-steirisch bis modern reicht. Ganz ohne Elektronik, ganz nah am Publikum.<\/p>\n\n\n\n<p>Unser Musikprogramm dauert rund drei Stunden und passt f\u00fcr vieles, was in der Steiermark gern gefeiert wird: Geburtstagsfeiern, Fr\u00fchschoppen, Stammtischrunden, kleine Feste, Vereinsabende und alles, wo gem\u00fctliche Live-Musik willkommen ist.<\/p>\n\n\n\n<div style=\"height:53px\" aria-hidden=\"true\" class=\"wp-block-spacer\"><\/div>\n\n\n\n<p>Kontakt:<br>Rudi Perhofer &#8211; 0676 \/ 73 44 044<\/p>\n","protected":false},"excerpt":{"rendered":"<p>Die Birkis in neuer Besetzung Die Birkis gibt\u2019s jetzt in frischer Aufstellung &#8211; Walter mit Bariton, Gitarre und Gesang, Rudi mit Harmonika und Gesang, und Markus am Bass, ebenfalls gesangsstark. Gemeinsam bringen wir ein unplugged-Programm auf die B\u00fchne, das von urig-steirisch bis modern reicht. Ganz ohne Elektronik, ganz nah am Publikum. Unser Musikprogramm dauert rund &hellip; <a href=\"https:\/\/birkis.at\/\" class=\"more-link\"><span class=\"screen-reader-text\">Startseite<\/span> weiterlesen <span class=\"meta-nav\">&rarr;<\/span><\/a><\/p>\n","protected":false},"author":1,"featured_media":0,"parent":0,"menu_order":1,"comment_status":"closed","ping_status":"closed","template":"","meta":{"footnotes":""},"class_list":["post-2","page","type-page","status-publish","hentry"],"_links":{"self":[{"href":"https:\/\/birkis.at\/index.php\/wp-json\/wp\/v2\/pages\/2","targetHints":{"allow":["GET"]}}],"collection":[{"href":"https:\/\/birkis.at\/index.php\/wp-json\/wp\/v2\/pages"}],"about":[{"href":"https:\/\/birkis.at\/index.php\/wp-json\/wp\/v2\/types\/page"}],"author":[{"embeddable":true,"href":"https:\/\/birkis.at\/index.php\/wp-json\/wp\/v2\/users\/1"}],"replies":[{"embeddable":true,"href":"https:\/\/birkis.at\/index.php\/wp-json\/wp\/v2\/comments?post=2"}],"version-history":[{"count":164,"href":"https:\/\/birkis.at\/index.php\/wp-json\/wp\/v2\/pages\/2\/revisions"}],"predecessor-version":[{"id":519,"href":"https:\/\/birkis.at\/index.php\/wp-json\/wp\/v2\/pages\/2\/revisions\/519"}],"wp:attachment":[{"href":"https:\/\/birkis.at\/index.php\/wp-json\/wp\/v2\/media?parent=2"}],"curies":[{"name":"wp","href":"https:\/\/api.w.org\/{rel}","templated":true}]}}